{"id":3210,"date":"2023-06-12T12:32:55","date_gmt":"2023-06-12T18:32:55","guid":{"rendered":"https:\/\/imprentalo.mx\/impresion\/?page_id=3210"},"modified":"2023-10-04T17:13:50","modified_gmt":"2023-10-04T23:13:50","slug":"dato-variable","status":"publish","type":"page","link":"https:\/\/imprentalo.mx\/impresion\/dato-variable\/","title":{"rendered":"Impresi\u00f3n con dato variable"},"content":{"rendered":"\t\t<div data-elementor-type=\"wp-page\" data-elementor-id=\"3210\" class=\"elementor elementor-3210\" data-elementor-post-type=\"page\">\n\t\t\t\t<div class=\"elementor-element elementor-element-b351123 e-con-full e-flex e-con e-parent\" data-id=\"b351123\" data-element_type=\"container\">\n\t\t<div class=\"elementor-element elementor-element-e40fd23 e-con-full animated-fast e-flex elementor-invisible e-con e-child\" data-id=\"e40fd23\" data-element_type=\"container\" data-settings=\"{&quot;background_background&quot;:&quot;gradient&quot;,&quot;animation_delay&quot;:0,&quot;animation&quot;:&quot;fadeIn&quot;}\">\n\t\t<div class=\"elementor-element elementor-element-75131a4 e-con-full e-flex e-con e-child\" data-id=\"75131a4\" data-element_type=\"container\">\n\t\t\t\t<div class=\"elementor-element elementor-element-b76e8c4 shadow-test elementor-widget__width-inherit elementor-align-center elementor-widget elementor-widget-lottie\" data-id=\"b76e8c4\" data-element_type=\"widget\" data-settings=\"{&quot;source_json&quot;:{&quot;url&quot;:&quot;https:\\\/\\\/imprentalo.mx\\\/impresion\\\/wp-content\\\/uploads\\\/2023\\\/06\\\/dato-variable-v2.json&quot;,&quot;id&quot;:3230,&quot;size&quot;:&quot;&quot;,&quot;alt&quot;:&quot;&quot;,&quot;source&quot;:&quot;library&quot;},&quot;start_point&quot;:{&quot;unit&quot;:&quot;%&quot;,&quot;size&quot;:0,&quot;sizes&quot;:[]},&quot;play_speed&quot;:{&quot;unit&quot;:&quot;px&quot;,&quot;size&quot;:1.600000000000000088817841970012523233890533447265625,&quot;sizes&quot;:[]},&quot;trigger&quot;:&quot;none&quot;,&quot;source&quot;:&quot;media_file&quot;,&quot;caption_source&quot;:&quot;none&quot;,&quot;link_to&quot;:&quot;none&quot;,&quot;end_point&quot;:{&quot;unit&quot;:&quot;%&quot;,&quot;size&quot;:100,&quot;sizes&quot;:[]},&quot;renderer&quot;:&quot;svg&quot;}\" data-widget_type=\"lottie.default\">\n\t\t\t\t<div class=\"elementor-widget-container\">\n\t\t\t\t\t<div class=\"e-lottie__container\"><div class=\"e-lottie__animation\"><\/div><\/div>\t\t\t\t<\/div>\n\t\t\t\t<\/div>\n\t\t\t\t<\/div>\n\t\t\t\t<div class=\"elementor-element elementor-element-5aa85d3 about-animated elementor-headline--style-highlight elementor-widget elementor-widget-animated-headline\" data-id=\"5aa85d3\" data-element_type=\"widget\" data-settings=\"{&quot;marker&quot;:&quot;underline&quot;,&quot;highlighted_text&quot;:&quot;Personaliza&quot;,&quot;highlight_animation_duration&quot;:1000,&quot;highlight_iteration_delay&quot;:5000,&quot;headline_style&quot;:&quot;highlight&quot;,&quot;loop&quot;:&quot;yes&quot;}\" data-widget_type=\"animated-headline.default\">\n\t\t\t\t<div class=\"elementor-widget-container\">\n\t\t\t\t\t\t\t<h3 class=\"elementor-headline\">\n\t\t\t\t<span class=\"elementor-headline-dynamic-wrapper elementor-headline-text-wrapper\">\n\t\t\t\t\t<span class=\"elementor-headline-dynamic-text elementor-headline-text-active\">Personaliza<\/span>\n\t\t\t\t<\/span>\n\t\t\t\t\t<span class=\"elementor-headline-plain-text elementor-headline-text-wrapper\">todas tus impresiones.<\/span>\n\t\t\t\t\t<\/h3>\n\t\t\t\t\t\t<\/div>\n\t\t\t\t<\/div>\n\t\t\t\t<div class=\"elementor-element elementor-element-ae8da88 elementor-widget__width-initial elementor-widget elementor-widget-text-editor\" data-id=\"ae8da88\" data-element_type=\"widget\" data-widget_type=\"text-editor.default\">\n\t\t\t\t<div class=\"elementor-widget-container\">\n\t\t\t\t\t\t\t\t\t<p>Nuestra empresa se destaca por ser excepcional en todos los procesos de impresi\u00f3n. Contamos con una infraestructura de vanguardia y equipos de \u00faltima generaci\u00f3n que nos permiten ofrecer resultados de la m\u00e1s alta calidad. Nuestro equipo de profesionales altamente capacitados se dedica a supervisar cada etapa del proceso, desde el dise\u00f1o hasta la producci\u00f3n, garantizando la precisi\u00f3n y el detalle en cada impresi\u00f3n. Adem\u00e1s, nos enorgullece ofrecer una amplia gama de servicios de impresi\u00f3n, desde impresi\u00f3n digital hasta impresi\u00f3n offset y m\u00e1s, para satisfacer las necesidades espec\u00edficas de cada cliente. Nos esforzamos por brindar un servicio r\u00e1pido, confiable y personalizado, superando las expectativas en cada proyecto. La satisfacci\u00f3n del cliente es nuestra prioridad y nos esmeramos en entregar resultados impecables que reflejen la excelencia que nos define como empresa l\u00edder en el sector de impresi\u00f3n.<\/p>\t\t\t\t\t\t\t\t<\/div>\n\t\t\t\t<\/div>\n\t\t\t\t<\/div>\n\t\t<div class=\"elementor-element elementor-element-e236fc2 e-con-full e-flex e-con e-child\" data-id=\"e236fc2\" data-element_type=\"container\" data-settings=\"{&quot;background_background&quot;:&quot;gradient&quot;}\">\n\t\t\t\t<div class=\"elementor-element elementor-element-4f10e20 elementor-widget elementor-widget-heading\" data-id=\"4f10e20\" data-element_type=\"widget\" data-widget_type=\"heading.default\">\n\t\t\t\t<div class=\"elementor-widget-container\">\n\t\t\t\t\t<h2 class=\"elementor-heading-title elementor-size-default\">\u00bfQu\u00e9 significa Dato Variable?<\/h2>\t\t\t\t<\/div>\n\t\t\t\t<\/div>\n\t\t\t\t<div class=\"elementor-element elementor-element-1ff89d6 elementor-widget elementor-widget-image\" data-id=\"1ff89d6\" data-element_type=\"widget\" data-widget_type=\"image.default\">\n\t\t\t\t<div class=\"elementor-widget-container\">\n\t\t\t\t\t\t\t\t\t\t\t\t\t\t\t<img fetchpriority=\"high\" decoding=\"async\" width=\"800\" height=\"490\" src=\"https:\/\/imprentalo.mx\/impresion\/wp-content\/uploads\/2023\/06\/maquila-jpg.webp\" class=\"attachment-large size-large wp-image-2663 not-transparent\" alt=\"\" srcset=\"https:\/\/imprentalo.mx\/impresion\/wp-content\/uploads\/2023\/06\/maquila-jpg.webp 800w, https:\/\/imprentalo.mx\/impresion\/wp-content\/uploads\/2023\/06\/maquila-300x184.webp 300w, https:\/\/imprentalo.mx\/impresion\/wp-content\/uploads\/2023\/06\/maquila-768x470.webp 768w\" sizes=\"(max-width: 800px) 100vw, 800px\" data-has-transparency=\"false\" data-dominant-color=\"8d8984\" style=\"--dominant-color: #8d8984\" \/>\t\t\t\t\t\t\t\t\t\t\t\t\t\t\t<\/div>\n\t\t\t\t<\/div>\n\t\t\t\t<div class=\"elementor-element elementor-element-aab705f elementor-widget elementor-widget-text-editor\" data-id=\"aab705f\" data-element_type=\"widget\" data-widget_type=\"text-editor.default\">\n\t\t\t\t<div class=\"elementor-widget-container\">\n\t\t\t\t\t\t\t\t\t<p>La impresi\u00f3n con dato variable es una tecnolog\u00eda que permite personalizar y adaptar cada impresi\u00f3n de manera individualizada. A trav\u00e9s de esta t\u00e9cnica, es posible imprimir documentos, etiquetas o cualquier otro tipo de material con informaci\u00f3n \u00fanica para cada destinatario. Esta personalizaci\u00f3n puede incluir nombres, direcciones, c\u00f3digos QR y otra informaci\u00f3n relevante. La impresi\u00f3n con dato variable ofrece una gran versatilidad y precisi\u00f3n, permitiendo una comunicaci\u00f3n m\u00e1s efectiva y personalizada con los clientes. Ya sea en el \u00e1mbito del marketing, la log\u00edstica o la administraci\u00f3n, esta tecnolog\u00eda se ha convertido en una herramienta poderosa para alcanzar mejores resultados y generar un mayor impacto en el p\u00fablico objetivo.<\/p>\t\t\t\t\t\t\t\t<\/div>\n\t\t\t\t<\/div>\n\t\t\t\t<div class=\"elementor-element elementor-element-f80d229 elementor-align-center elementor-widget elementor-widget-button\" data-id=\"f80d229\" data-element_type=\"widget\" data-widget_type=\"button.default\">\n\t\t\t\t<div class=\"elementor-widget-container\">\n\t\t\t\t\t\t\t\t\t<div class=\"elementor-button-wrapper\">\n\t\t\t\t\t<a class=\"elementor-button elementor-button-link elementor-size-sm\" href=\"https:\/\/api.whatsapp.com\/message\/WK7OTJS2DYVOH1\" target=\"_blank\">\n\t\t\t\t\t\t<span class=\"elementor-button-content-wrapper\">\n\t\t\t\t\t\t\t\t\t<span class=\"elementor-button-text\">Env\u00eda un mensaje por WhatsApp<\/span>\n\t\t\t\t\t<\/span>\n\t\t\t\t\t<\/a>\n\t\t\t\t<\/div>\n\t\t\t\t\t\t\t\t<\/div>\n\t\t\t\t<\/div>\n\t\t\t\t<\/div>\n\t\t\t\t<\/div>\n\t\t\t\t<\/div>\n\t\t","protected":false},"excerpt":{"rendered":"<p>Personaliza todas tus impresiones. Nuestra empresa se destaca por ser excepcional en todos los procesos de impresi\u00f3n. Contamos con una infraestructura de vanguardia y equipos de \u00faltima generaci\u00f3n que nos permiten ofrecer resultados de la m\u00e1s alta calidad. Nuestro equipo de profesionales altamente capacitados se dedica a supervisar cada etapa del proceso, desde el dise\u00f1o [&hellip;]<\/p>\n","protected":false},"author":1,"featured_media":0,"parent":0,"menu_order":0,"comment_status":"closed","ping_status":"closed","template":"elementor_header_footer","meta":{"footnotes":""},"class_list":["post-3210","page","type-page","status-publish","hentry"],"yoast_head":"<!-- This site is optimized with the Yoast SEO plugin v26.4 - https:\/\/yoast.com\/wordpress\/plugins\/seo\/ -->\n<title>Impresi\u00f3n personalizada con dato variable - Impr\u00e9ntalo.mx<\/title>\n<meta name=\"description\" content=\"Tenemos las capacidades para personalizar tus impresiones con dato variable. Gran volumen de impresi\u00f3n con datos \u00fanicos para cada una de tus necesidades.\" \/>\n<meta name=\"robots\" content=\"index, follow, max-snippet:-1, max-image-preview:large, max-video-preview:-1\" \/>\n<link rel=\"canonical\" href=\"https:\/\/imprentalo.mx\/impresion\/dato-variable\/\" \/>\n<meta property=\"og:locale\" content=\"es_ES\" \/>\n<meta property=\"og:type\" content=\"article\" \/>\n<meta property=\"og:title\" content=\"Impresi\u00f3n personalizada con dato variable - Impr\u00e9ntalo.mx\" \/>\n<meta property=\"og:description\" content=\"Tenemos las capacidades para personalizar tus impresiones con dato variable. Gran volumen de impresi\u00f3n con datos \u00fanicos para cada una de tus necesidades.\" \/>\n<meta property=\"og:url\" content=\"https:\/\/imprentalo.mx\/impresion\/dato-variable\/\" \/>\n<meta property=\"og:site_name\" content=\"Imprentalo.mx\" \/>\n<meta property=\"article:modified_time\" content=\"2023-10-04T23:13:50+00:00\" \/>\n<meta property=\"og:image\" content=\"https:\/\/imprentalo.mx\/impresion\/wp-content\/uploads\/2023\/06\/maquila-jpg.webp\" \/>\n<meta name=\"twitter:card\" content=\"summary_large_image\" \/>\n<meta name=\"twitter:label1\" content=\"Tiempo de lectura\" \/>\n\t<meta name=\"twitter:data1\" content=\"2 minutos\" \/>\n<script type=\"application\/ld+json\" class=\"yoast-schema-graph\">{\"@context\":\"https:\/\/schema.org\",\"@graph\":[{\"@type\":\"WebPage\",\"@id\":\"https:\/\/imprentalo.mx\/impresion\/dato-variable\/\",\"url\":\"https:\/\/imprentalo.mx\/impresion\/dato-variable\/\",\"name\":\"Impresi\u00f3n personalizada con dato variable - Impr\u00e9ntalo.mx\",\"isPartOf\":{\"@id\":\"https:\/\/imprentalo.mx\/impresion\/#website\"},\"primaryImageOfPage\":{\"@id\":\"https:\/\/imprentalo.mx\/impresion\/dato-variable\/#primaryimage\"},\"image\":{\"@id\":\"https:\/\/imprentalo.mx\/impresion\/dato-variable\/#primaryimage\"},\"thumbnailUrl\":\"https:\/\/imprentalo.mx\/impresion\/wp-content\/uploads\/2023\/06\/maquila-jpg.webp\",\"datePublished\":\"2023-06-12T18:32:55+00:00\",\"dateModified\":\"2023-10-04T23:13:50+00:00\",\"description\":\"Tenemos las capacidades para personalizar tus impresiones con dato variable. Gran volumen de impresi\u00f3n con datos \u00fanicos para cada una de tus necesidades.\",\"breadcrumb\":{\"@id\":\"https:\/\/imprentalo.mx\/impresion\/dato-variable\/#breadcrumb\"},\"inLanguage\":\"es\",\"potentialAction\":[{\"@type\":\"ReadAction\",\"target\":[\"https:\/\/imprentalo.mx\/impresion\/dato-variable\/\"]}]},{\"@type\":\"ImageObject\",\"inLanguage\":\"es\",\"@id\":\"https:\/\/imprentalo.mx\/impresion\/dato-variable\/#primaryimage\",\"url\":\"https:\/\/imprentalo.mx\/impresion\/wp-content\/uploads\/2023\/06\/maquila-jpg.webp\",\"contentUrl\":\"https:\/\/imprentalo.mx\/impresion\/wp-content\/uploads\/2023\/06\/maquila-jpg.webp\",\"width\":800,\"height\":490,\"caption\":\"Old man hands holding a green young plant. Symbol of spring and ecology concept\"},{\"@type\":\"BreadcrumbList\",\"@id\":\"https:\/\/imprentalo.mx\/impresion\/dato-variable\/#breadcrumb\",\"itemListElement\":[{\"@type\":\"ListItem\",\"position\":1,\"name\":\"Home\",\"item\":\"https:\/\/imprentalo.mx\/impresion\/\"},{\"@type\":\"ListItem\",\"position\":2,\"name\":\"Impresi\u00f3n con dato variable\"}]},{\"@type\":\"WebSite\",\"@id\":\"https:\/\/imprentalo.mx\/impresion\/#website\",\"url\":\"https:\/\/imprentalo.mx\/impresion\/\",\"name\":\"Imprentalo\",\"description\":\"Servicios de Impresi&oacute;n a tu medida\",\"publisher\":{\"@id\":\"https:\/\/imprentalo.mx\/impresion\/#organization\"},\"inLanguage\":\"es\"},{\"@type\":\"Organization\",\"@id\":\"https:\/\/imprentalo.mx\/impresion\/#organization\",\"name\":\"Impr\u00e9ntalo\",\"url\":\"https:\/\/imprentalo.mx\/impresion\/\",\"logo\":{\"@type\":\"ImageObject\",\"inLanguage\":\"es\",\"@id\":\"https:\/\/imprentalo.mx\/impresion\/#\/schema\/logo\/image\/\",\"url\":\"https:\/\/imprentalo.mx\/impresion\/wp-content\/uploads\/2021\/10\/cropped-IMPRENTALO-negro-2.png\",\"contentUrl\":\"https:\/\/imprentalo.mx\/impresion\/wp-content\/uploads\/2021\/10\/cropped-IMPRENTALO-negro-2.png\",\"width\":903,\"height\":305,\"caption\":\"Impr\u00e9ntalo\"},\"image\":{\"@id\":\"https:\/\/imprentalo.mx\/impresion\/#\/schema\/logo\/image\/\"}}]}<\/script>\n<!-- \/ Yoast SEO plugin. -->","yoast_head_json":{"title":"Impresi\u00f3n personalizada con dato variable - Impr\u00e9ntalo.mx","description":"Tenemos las capacidades para personalizar tus impresiones con dato variable. Gran volumen de impresi\u00f3n con datos \u00fanicos para cada una de tus necesidades.","robots":{"index":"index","follow":"follow","max-snippet":"max-snippet:-1","max-image-preview":"max-image-preview:large","max-video-preview":"max-video-preview:-1"},"canonical":"https:\/\/imprentalo.mx\/impresion\/dato-variable\/","og_locale":"es_ES","og_type":"article","og_title":"Impresi\u00f3n personalizada con dato variable - Impr\u00e9ntalo.mx","og_description":"Tenemos las capacidades para personalizar tus impresiones con dato variable. Gran volumen de impresi\u00f3n con datos \u00fanicos para cada una de tus necesidades.","og_url":"https:\/\/imprentalo.mx\/impresion\/dato-variable\/","og_site_name":"Imprentalo.mx","article_modified_time":"2023-10-04T23:13:50+00:00","og_image":[{"url":"https:\/\/imprentalo.mx\/impresion\/wp-content\/uploads\/2023\/06\/maquila-jpg.webp","type":"","width":"","height":""}],"twitter_card":"summary_large_image","twitter_misc":{"Tiempo de lectura":"2 minutos"},"schema":{"@context":"https:\/\/schema.org","@graph":[{"@type":"WebPage","@id":"https:\/\/imprentalo.mx\/impresion\/dato-variable\/","url":"https:\/\/imprentalo.mx\/impresion\/dato-variable\/","name":"Impresi\u00f3n personalizada con dato variable - Impr\u00e9ntalo.mx","isPartOf":{"@id":"https:\/\/imprentalo.mx\/impresion\/#website"},"primaryImageOfPage":{"@id":"https:\/\/imprentalo.mx\/impresion\/dato-variable\/#primaryimage"},"image":{"@id":"https:\/\/imprentalo.mx\/impresion\/dato-variable\/#primaryimage"},"thumbnailUrl":"https:\/\/imprentalo.mx\/impresion\/wp-content\/uploads\/2023\/06\/maquila-jpg.webp","datePublished":"2023-06-12T18:32:55+00:00","dateModified":"2023-10-04T23:13:50+00:00","description":"Tenemos las capacidades para personalizar tus impresiones con dato variable. Gran volumen de impresi\u00f3n con datos \u00fanicos para cada una de tus necesidades.","breadcrumb":{"@id":"https:\/\/imprentalo.mx\/impresion\/dato-variable\/#breadcrumb"},"inLanguage":"es","potentialAction":[{"@type":"ReadAction","target":["https:\/\/imprentalo.mx\/impresion\/dato-variable\/"]}]},{"@type":"ImageObject","inLanguage":"es","@id":"https:\/\/imprentalo.mx\/impresion\/dato-variable\/#primaryimage","url":"https:\/\/imprentalo.mx\/impresion\/wp-content\/uploads\/2023\/06\/maquila-jpg.webp","contentUrl":"https:\/\/imprentalo.mx\/impresion\/wp-content\/uploads\/2023\/06\/maquila-jpg.webp","width":800,"height":490,"caption":"Old man hands holding a green young plant. Symbol of spring and ecology concept"},{"@type":"BreadcrumbList","@id":"https:\/\/imprentalo.mx\/impresion\/dato-variable\/#breadcrumb","itemListElement":[{"@type":"ListItem","position":1,"name":"Home","item":"https:\/\/imprentalo.mx\/impresion\/"},{"@type":"ListItem","position":2,"name":"Impresi\u00f3n con dato variable"}]},{"@type":"WebSite","@id":"https:\/\/imprentalo.mx\/impresion\/#website","url":"https:\/\/imprentalo.mx\/impresion\/","name":"Imprentalo","description":"Servicios de Impresi&oacute;n a tu medida","publisher":{"@id":"https:\/\/imprentalo.mx\/impresion\/#organization"},"inLanguage":"es"},{"@type":"Organization","@id":"https:\/\/imprentalo.mx\/impresion\/#organization","name":"Impr\u00e9ntalo","url":"https:\/\/imprentalo.mx\/impresion\/","logo":{"@type":"ImageObject","inLanguage":"es","@id":"https:\/\/imprentalo.mx\/impresion\/#\/schema\/logo\/image\/","url":"https:\/\/imprentalo.mx\/impresion\/wp-content\/uploads\/2021\/10\/cropped-IMPRENTALO-negro-2.png","contentUrl":"https:\/\/imprentalo.mx\/impresion\/wp-content\/uploads\/2021\/10\/cropped-IMPRENTALO-negro-2.png","width":903,"height":305,"caption":"Impr\u00e9ntalo"},"image":{"@id":"https:\/\/imprentalo.mx\/impresion\/#\/schema\/logo\/image\/"}}]}},"_links":{"self":[{"href":"https:\/\/imprentalo.mx\/impresion\/wp-json\/wp\/v2\/pages\/3210","targetHints":{"allow":["GET"]}}],"collection":[{"href":"https:\/\/imprentalo.mx\/impresion\/wp-json\/wp\/v2\/pages"}],"about":[{"href":"https:\/\/imprentalo.mx\/impresion\/wp-json\/wp\/v2\/types\/page"}],"author":[{"embeddable":true,"href":"https:\/\/imprentalo.mx\/impresion\/wp-json\/wp\/v2\/users\/1"}],"replies":[{"embeddable":true,"href":"https:\/\/imprentalo.mx\/impresion\/wp-json\/wp\/v2\/comments?post=3210"}],"version-history":[{"count":0,"href":"https:\/\/imprentalo.mx\/impresion\/wp-json\/wp\/v2\/pages\/3210\/revisions"}],"wp:attachment":[{"href":"https:\/\/imprentalo.mx\/impresion\/wp-json\/wp\/v2\/media?parent=3210"}],"curies":[{"name":"wp","href":"https:\/\/api.w.org\/{rel}","templated":true}]}}